{"id":33,"date":"2018-07-09T15:16:40","date_gmt":"2018-07-09T13:16:40","guid":{"rendered":"http:\/\/www.msc-lechgau.de\/?page_id=33"},"modified":"2025-02-07T17:56:19","modified_gmt":"2025-02-07T17:56:19","slug":"info-fuer-gaeste","status":"publish","type":"page","link":"https:\/\/www.msc-lechgau.de\/?page_id=33","title":{"rendered":"Info f\u00fcr G\u00e4ste"},"content":{"rendered":"<p>[vc_row][vc_column][vc_column_text]Gastfahrer sind bei uns <strong>Samstags von<\/strong><br \/>\n<strong>13:00 &#8211; 18:00 Uhr<\/strong> herzlich willkommen:<\/p>\n<p>Gastfahrerpl\u00e4tze sind ab sofort verf\u00fcgbar unter MX-Tickets.<\/p>\n<p>Wir vergeben eine definierte Anzahl an freien Pl\u00e4tzen pro Event. Diese werden direkt auf unserer MX-Ticket Seite angezeigt im Event.<br \/>\nJedes Trainingevent wird auf unserer MX-Tickets Seite sp\u00e4testens zu beginn der jeweiligen Woche gepostet.<\/p>\n<p>Bitte habt Verst\u00e4ndnis, sollte mal ein Event kurzfristig aufgrund von unvorhersehbaren Wetter abgesagt werden m\u00fcssen!<br \/>\nDas Geld wird sofort mittels des jeweiligen Zahlungsmediums zur\u00fcckerstattet.<\/p>\n<p>&#8211;&gt; \u00a0<a href=\"https:\/\/mx-tickets.com\/msc-lechgau\" target=\"_blank\" rel=\"noopener\">MX-Tickets MSC Lechgau<\/a><\/p>\n<p>Kinder bis 14 Jahren d\u00fcrfen unsere Kinderstrecke kostenfrei verwenden mit voranmeldung, welche nicht \u00fcber MX-Tickets stattfindet, sondern telefonisch unter folgenden Nummern:<br \/>\n+49 1522\/1335335 (Alexander Diebel, 2. Vorstand)<br \/>\n+49 179\/6961189 (J\u00f6rg Schlichter, 1. Vorstand).<\/p>\n<p>Wir w\u00fcnschen Euch viel Spa\u00df beim MSC-Lechgau e.V.!<br \/>\n[\/vc_column_text][\/vc_column][\/vc_row]<\/p>\n<p>&nbsp;<\/p>\n","protected":false},"excerpt":{"rendered":"<p>[vc_row][vc_column][vc_column_text]Gastfahrer sind bei uns Samstags von 13:00 &#8211; 18:00 Uhr herzlich willkommen: Gastfahrerpl\u00e4tze sind ab sofort verf\u00fcgbar unter MX-Tickets. Wir vergeben eine definierte Anzahl an freien Pl\u00e4tzen pro Event. Diese werden direkt auf unserer MX-Ticket Seite angezeigt im Event. Jedes Trainingevent wird auf unserer MX-Tickets Seite sp\u00e4testens zu beginn der jeweiligen Woche gepostet. Bitte habt &hellip; <\/p>\n<p class=\"link-more\"><a href=\"https:\/\/www.msc-lechgau.de\/?page_id=33\" class=\"more-link\"><span class=\"screen-reader-text\">\u201eInfo f\u00fcr G\u00e4ste\u201c<\/span> weiterlesen<\/a><\/p>\n","protected":false},"author":1,"featured_media":0,"parent":0,"menu_order":0,"comment_status":"closed","ping_status":"closed","template":"","meta":[],"_links":{"self":[{"href":"https:\/\/www.msc-lechgau.de\/index.php?rest_route=\/wp\/v2\/pages\/33"}],"collection":[{"href":"https:\/\/www.msc-lechgau.de\/index.php?rest_route=\/wp\/v2\/pages"}],"about":[{"href":"https:\/\/www.msc-lechgau.de\/index.php?rest_route=\/wp\/v2\/types\/page"}],"author":[{"embeddable":true,"href":"https:\/\/www.msc-lechgau.de\/index.php?rest_route=\/wp\/v2\/users\/1"}],"replies":[{"embeddable":true,"href":"https:\/\/www.msc-lechgau.de\/index.php?rest_route=%2Fwp%2Fv2%2Fcomments&post=33"}],"version-history":[{"count":44,"href":"https:\/\/www.msc-lechgau.de\/index.php?rest_route=\/wp\/v2\/pages\/33\/revisions"}],"predecessor-version":[{"id":912,"href":"https:\/\/www.msc-lechgau.de\/index.php?rest_route=\/wp\/v2\/pages\/33\/revisions\/912"}],"wp:attachment":[{"href":"https:\/\/www.msc-lechgau.de\/index.php?rest_route=%2Fwp%2Fv2%2Fmedia&parent=33"}],"curies":[{"name":"wp","href":"https:\/\/api.w.org\/{rel}","templated":true}]}}